of v and 11?
11
Let u = -21 + 25. Calculate the greatest common factor of 8 and u.
4
Let f(g) = 30*g**2. Let z be f(1). What is the highest common factor of 10 and z?
10
Suppose 0 = -z + 1, -y + 0*y + 5*z = -17. Suppose 0*k = k + y. Let w = k - -34. What is the greatest common factor of w and 84?
12
Let d(i) = 6*i**2 - 6*i - 7. Let v be d(-3). What is the greatest common factor of 13 and v?
13
Let u(r) = r + 1. Let j be u(9). Let c(p) = p**2 + p - 2. Let g be c(2). What is the greatest common factor of g and j?
2
Let u = -33 - -51. Calculate the greatest common divisor of 18 and u.
18
Suppose -2*i + 11 = 5*v - 5, -4*i = 3*v - 18. Calculate the highest common divisor of v and 20.
2
Let o(w) be the first derivative of 2/3*w**3 - 11/2*w**2 - 8*w - 2. Let i be o(8). Calculate the greatest common factor of i and 8.
8
Let y be 2/(-2)*80/(-5). What is the greatest common divisor of y and 24?
8
Suppose 4*o = -i + 46, 3*i = -0*i + 3*o + 123. Calculate the greatest common factor of 294 and i.
42
Suppose 5*w = z + 2*z - 30, -z - w + 10 = 0. Calculate the greatest common divisor of z and 10.
10
Let u be (-61)/(-2) - 1/2. Let q = -18 + 24. Calculate the highest common divisor of u and q.
6
Let o(t) = 2*t**2 - 2. Suppose -3*p - 14 = -2. Let q be o(p). Suppose -2*h + q = h. Calculate the greatest common factor of 10 and h.
10
Let m(o) = o**2 - 3*o + 2. Let f be m(5). Let y = 21 - f. Suppose -111 = -4*l + y. Calculate the greatest common divisor of 6 and l.
6
Let m = 14 - 9. Calculate the highest common divisor of 45 and m.
5
Let p = 153 - 83. Calculate the greatest common factor of p and 42.
14
Suppose 5*c - 3*t = 306, 3*c = -3*t + 128 + 46. What is the greatest common factor of c and 20?
20
Suppose -4*j + 5*a + 106 = 0, 5*j + a - 118 = -0*j. Calculate the greatest common divisor of 3 and j.
3
Let y(a) be the third derivative of a**5/10 + a**4/6 + a**3/6 - 3*a**2. Let o be y(-3). Let f = -31 + o. What is the highest common divisor of 24 and f?
12
Let q be (-15)/20*(-24 - -4). Let y be 8/(-12) - 137/(-3). What is the greatest common factor of y and q?
15
Let p = -72 + 117. Calculate the greatest common divisor of 15 and p.
15
Let s = 86 + -22. Let z be s - 0 - (1 - 1). What is the greatest common divisor of z and 16?
16
Suppose x + 2*x - 9 = 0. What is the greatest common divisor of x and 15?
3
Suppose -5*h + 595 + 315 = 0. What is the greatest common divisor of h and 14?
14
Suppose 177 = 4*v - 3. Calculate the highest common divisor of 9 and v.
9
Let o = -85 + 185. Suppose -3*q + 125 = -0*x - x, -70 = -2*q - 2*x. What is the greatest common factor of q and o?
20
Suppose 2*m + 5*d = 211 + 87, -2*d - 140 = -m. Calculate the greatest common factor of 16 and m.
16
Let i be 10 - 2 - (0 - 4). Calculate the greatest common factor of i and 24.
12
Let c be (-2 - (0 - 3))*0. Suppose -4*d + 5*d - 12 = c. What is the highest common divisor of d and 48?
12
Let w = 6 - 3. Let t be -1 - (-1 - w) - -2. Calculate the highest common factor of 1 and t.
1
Suppose v = 2*b + 38, -3*v + 4*b = -81 - 33. What is the greatest common divisor of 304 and v?
38
Let z(g) = 4 + 2*g**2 - 3*g**2 + 3 - 25*g + 10*g. Let l be z(-15). What is the highest common factor of 21 and l?
7
Let l = 92 - 68. What is the greatest common factor of l and 168?
24
Suppose 0 = -2*p + 16 - 0. What is the greatest common factor of p and 2?
2
Let l = 141 + -138. Calculate the highest common divisor of l and 57.
3
Let v = -255 + 405. What is the highest common divisor of v and 15?
15
Let v be (8/12)/(2/66). Let z be -3 + 0/(3 + -6). Let m be 6 + z + 151 + 0. Calculate the highest common factor of m and v.
22
Let c be ((-100)/(-12))/((-3)/(-9)). Calculate the highest common divisor of c and 150.
25
Let w(c) = -c**2 - 7*c + 3. Let s be w(-7). Let d = -3 + s. Let p = 20 - d. Calculate the highest common factor of 10 and p.
10
Suppose -3*h + 11 = -1. What is the highest common divisor of h and 20?
4
Suppose 39 = 4*u - 89. Let g = -14 + u. What is the highest common divisor of 72 and g?
18
Let v be 4*3 - (0 + 3). Calculate the highest common divisor of v and 45.
9
Suppose -3*p - 10 = -5*p. Suppose 27 + p = 4*a. Calculate the greatest common divisor of a and 12.
4
Suppose -a - 2*a = -285. Suppose -4*k = a - 579. Calculate the greatest common divisor of 11 and k.
11
Suppose -4*i + 3*i = -2*v - 7, 0 = 2*v - 4*i + 4. Let n be v/(-8) + 5/2. What is the greatest common factor of n and 27?
3
Let a = 13 - -2. Suppose -d + 147 = -4*l, -d + 5*l + 150 = -0*d. What is the highest common factor of a and d?
15
Let j be ((-16)/6)/(1/3). Let b be (-2)/(-3) + 122/6. Let w = j + b. Calculate the greatest common factor of w and 39.
13
Let a(f) = 8*f - 25. Let t be a(11). What is the greatest common divisor of 7 and t?
7
Let d be (14 - -4)*(-3)/(-3). Calculate the greatest common factor of 126 and d.
18
Let o be (-2)/(-1)*(-12)/(-8). Suppose 5*k - 19 = -o*g + 2*g, -21 = g - 5*k. Let y be (-35)/1*(-2 - g). Calculate the greatest common divisor of y and 7.
7
Suppose -6*k - 7 = -k - 3*d, 0 = k + d - 5. Let m(c) = c**3 + 11*c**2 - 22*c + 53. Let p be m(-13). Calculate the greatest common factor of k and p.
1
Suppose 26 = -4*n + 86. Suppose 40 = 5*p - 2*z + 3, -4*p = -2*z - 30. Let g = p - 1. Calculate the highest common divisor of g and n.
3
Let q(v) be the third derivative of v**5/15 + v**3/6 + 7*v**2. Let l be q(2). What is the greatest common factor of l and 51?
17
Let m(n) = n**2 + 5*n + 2. Let y be m(-5). Suppose 82 = k + y. Calculate the highest common factor of 16 and k.
16
Let m be (-438)/(-8) + (-2)/(-8). Let o = m - 35. Calculate the greatest common divisor of o and 40.
20
Let n = 187 + -316. Suppose -2*o = -3*o - 192. Let l = n - o. Calculate the highest common divisor of 9 and l.
9
Let h(x) = x**2 - 2*x + 11. Let b be h(5). Calculate the highest common divisor of 13 and b.
13
Suppose -o + 5*h = 1, -4*o - 7*h + 2*h = -121. What is the greatest common divisor of 96 and o?
24
Let q be (-4)/(-16) - (-134)/8. Suppose -10 + 5 = -l, -4*z + 116 = -4*l. What is the highest common factor of z and q?
17
Let t(i) = -i**3 + 5*i**2 + 4*i - 7. Let l be t(5). Calculate the greatest common factor of l and 91.
13
Let r be 2 + ((-3)/9*-321 - -3). Calculate the highest common divisor of 48 and r.
16
Let m(v) = -4*v - 16. Let k be m(-7). Let b(s) = s - 18. Let a be b(0). Let i be (6/(-1))/(1/a). Calculate the highest common divisor of i and k.
12
Let i be 12 - 16 - (-24)/1. Calculate the highest common divisor of 20 and i.
20
Let g be (2 - 2)/(-2) - 0. Let t(c) = -c + 63 + c**2 - 26 + 41 + 42. Let i be t(g). Calculate the greatest common factor of i and 15.
15
Let k = -5 - -9. Let d be ((-9)/k)/(1/(-4)). Calculate the greatest common factor of 9 and d.
9
Let m = -5 - -11. Let l(b) = -b**2 - 9*b - 8. Let w be l(-7). Calculate the highest common divisor of w and m.
6
Suppose -3*t - 905 = -4*o, -o - 5*t = -106 - 103. Calculate the highest common factor of o and 14.
14
Suppose 3*n = 2*n + 1. Suppose 117 = 5*t + q, -5*t + 132 = -6*q + 2*q. Let u = t + -13. Calculate the highest common divisor of n and u.
1
Let q(r) = r + 4. Suppose h = 5*h + 8. Let l be q(h). Let b be (-2)/(-7) + (-10)/(-14). Calculate the greatest common divisor of b and l.
1
Let r = 31 + -5. Let z = -48 + 33. Let q = z + r. Calculate the greatest common factor of q and 11.
11
Let a = 135 + -95. Suppose 5*y + 205 = 4*g, a = 2*g + 4*y - 82. Let z be 26/6 + 4/6. What is the highest common divisor of g and z?
5
Suppose a = -0*a + 30. Suppose 6*j = 5*j + 20. What is the greatest common divisor of j and a?
10
Suppose -2*v + a + 32 = -4*a, -v = a - 2. Calculate the greatest common factor of 2 and v.
2
Let t = -98 + 153. Calculate the highest common factor of t and 22.
11
Let k = -63 + 80. Calculate the greatest common factor of k and 68.
17
Suppose 42 = -6*q + 9*q. Suppose -7*f + 2*f = -560. Calculate the highest common factor of f and q.
14
Suppose -2*q + 1 = -11. Suppose y - q = 11. What is the greatest common divisor of 85 and y?
17
Let b = 21 + 9. Calculate the highest common divisor of b and 6.
6
Let i = 33 - 19. What is the highest common factor of 2 and i?
2
Let f = -1 + 5. What is the greatest common factor of 44 and f?
4
Let d be 1/(1/(5 - 1)). Let g(j) = -j**2 + 14*j - 17. Let h 